).
-1
Let d(r) = r**3 - 5*r**2 + r. Let x(h) = -h**2 - 7*h - 3. Let k be x(-5). Let c = k + -2. Give d(c).
5
Let x(i) = i**3 - 4*i**2 + 2*i + 2. Suppose 2*z - 1 = 2*k - 17, 3*k + 16 = -5*z. Let w be x(k). Let y(r) = 5*r + 2 + 1 - 2. Give y(w).
-4
Let d(b) = -b**2 + 14*b + 19. Suppose -5*a + 60 = 5*h, 0 = -0*a + 2*a - 4*h - 42. Determine d(a).
4
Suppose 0*h + 3*h - u - 19 = 0, -3*h + 3*u + 21 = 0. Let y(l) = 5*l + 5*l - l**2 - h*l + 5. Suppose 15 = -w + 4*w. Give y(w).
0
Let s(k) be the third derivative of -k**6/40 + k**4/12 + k**3/6 + 9*k**2. Calculate s(-1).
2
Let m(k) = -15*k - k**2 + 1 + 15*k + 3*k**3. Let y(r) = 13*r**3 - 3*r**2 - r + 5. Let c = -14 + 5. Let w(s) = c*m(s) + 2*y(s). Give w(2).
1
Let m(z) = z**3 - z**2. Let k(f) = -2*f**3 - 6*f**2 - 8*f - 5. Let v(p) = -k(p) - m(p). Give v(-6).
-7
Suppose -4*q = 3*z - 2*q - 13, -5*z - q = -10. Let d(n) be the first derivative of n**3 - n**2 + n + 2. Give d(z).
2
Let r = -2 + 2. Let t(l) = -2*l**2 + 3*l**2 + 7 - 2*l**2 - 1. Give t(r).
6
Let k(f) be the first derivative of f**2 + 5*f - 4. What is k(-5)?
-5
Let c(g) = -g**3 - 3*g**2 + g + 2. Let y(n) = -2*n**2 + 4*n**2 - n**2 - 2*n**2. Let x(d) = c(d) - 2*y(d). Let j be (0/10)/(1 + 1). Determine x(j).
2
Suppose -2*n + 4*n = v - 7, 0 = 3*n - 3*v + 15. Let l = n + -2. Let a(q) be the second derivative of q**3/6 - 3*q**2/2 - 27*q. Give a(l).
-7
Let f(m) = m**3 - 5*m**2 + 5*m - 2. Let o = -81 + 85. Calculate f(o).
2
Let a(o) = o**3 + 3*o**2 - 3*o - 4. Suppose 7*z = 3*z. Let s be (z - 5) + 2/1. Determine a(s).
5
Let w(i) = i - 3. Suppose 1 + 4 = 5*h. Let u be (-1)/(-1 + h + -1). Let f(s) = 4*s**3 - s**2 + 1. Let a be f(u). Determine w(a).
1
Let p(k) = k**2 + 2*k. Let g = -36 - -33. Calculate p(g).
3
Let o(r) = -14*r. Let l be o(1). Let u = l - -21. Let x = u - 8. Let m(b) = -3*b**3 + b + 1. What is m(x)?
3
Let v(g) = g**2 + 6*g + 3. Suppose 3*o = -5*x + 10, 5*o - 5*x + 50 = -0*o. What is v(o)?
-2
Let m(c) = c**3 - 5*c**2 - 5*c. Suppose -u + 3 + 3 = 0. What is m(u)?
6
Let a be ((-2)/(-5))/(7/35). Let x(f) = a*f + 4*f - 5*f. Suppose 3*k + 4*g = -0*k + 18, -6 = -k - 4*g. Determine x(k).
6
Let r(a) = 5*a**2 - 2*a - 3. Let c(k) = -9*k**2 + 5*k + 7. Let l(m) = -4*c(m) - 9*r(m). Give l(-1).
-8
Let k(q) be the third derivative of 5/24*q**4 - 5/6*q**3 + 8*q**2 + 1/60*q**5 + 0 + 0*q. What is k(-7)?
9
Suppose -4*l = -5 - 15. Let m(d) = d**3. Suppose -j = -3*j - 12. Let b(z) = -7*z**3 + 6*z**2 - 5*z + 6. Let p(s) = j*m(s) - b(s). Determine p(l).
-6
Let q be (5/5)/(1/(-6)). Let k(i) = 3 - 6*i**2 + 0*i**2 - i**3 - 4*i - i**2 + 2. What is k(q)?
-7
Suppose 2*i + 5 = -1. Let d(g) = -g**2 - 6*g - 2. Give d(i).
7
Let a be 54/(-8) + 3/(-12). Let l = a - -2. Let u(b) be the second derivative of -b**5/20 - 5*b**4/12 - b**3/6 - b**2 - 3*b. Give u(l).
3
Let w(h) = h**3 - 4*h**2 + 4*h - 3. Let z(y) = 2*y + 4. Let d be z(0). Calculate w(d).
13
Let h(y) = -y**3 + y**2 - 3*y + 1. Suppose -3 = -4*g + c, 2*g - 2*c + 9 = 3. Calculate h(g).
-9
Let w(d) = 4*d**3 + d**2 + d. Let c be (1/(-3))/(-1 - 24/(-18)). Determine w(c).
-4
Let r(c) = 6*c - 1. Let g be -2*(1 - 2) - 3. Determine r(g).
-7
Let k be (6/(-12))/(1/(-4)). Let a(c) = c**3 - 2*c**2 + 4*c - 3. Give a(k).
5
Let o = -8 - -16. Let b(v) = -1 + o*v - 7*v + 2. Let d(w) = -w**3 + 3*w**2 - 2*w + 4. Let a be d(3). Determine b(a).
-1
Let a(v) be the first derivative of -1 - 1/2*v**2 + 2*v - 1/3*v**3. Give a(-2).
0
Let a(z) = -7*z**3 + 2*z - 1. Let f be ((-30)/(-24))/(1/4). Suppose -2*w = -f*q - 0*w + 3, -2*q + 3*w = 1. Calculate a(q).
-6
Let n(f) = 6*f**2 + 2 - 1 - f**2. Suppose -3 = 3*u - 0. What is n(u)?
6
Let s(o) = -o - 2. Let b(a) = -a. Let z = -8 + 9. Let y be z/6*-2*-3. Let h be b(y). Give s(h).
-1
Let j(t) be the second derivative of -t**5/10 + t**4/3 - t**3/3 - t**2/2 + 16*t. What is j(2)?
-5
Let k(r) = r**2 + 2*r - 10. Let j(o) = -o**2 - 2*o + 7. Let y(i) = -4*j(i) - 3*k(i). Let z be 32/(-14) - 2/(-7). Calculate y(z).
2
Let z(q) = q + 2*q + 2*q**2 + q**3 - q + 3. Let d be z(-2). Let c(o) = -7*o**3 - o**2 + o + 1. Determine c(d).
6
Suppose w - 5*w - 20 = 0. Let b(h) = h + 1. Let m(k) = -3*k - 3. Let t(q) = -2*b(q) - m(q). Determine t(w).
-4
Let i(d) be the second derivative of -d**5/20 - d**4/6 + d**3/2 + 3*d**2/2 - 5*d. What is i(-2)?
-3
Let w(n) = 0*n + n + 0*n + 1 + n**2. Let g = -56 + 55. Determine w(g).
1
Let c(v) = -3*v - 2 - 2*v**3 + 2*v + 0 - 5*v**2 + 3*v**3. Give c(5).
-7
Let r(b) = -6*b + 0*b + 0*b**2 + 6 - b**3 + 5*b**2. Let s(l) = -5*l + 5*l + 2 + 2*l - 3*l - l**2 + l**3. Let p be s(2). Calculate r(p).
-2
Suppose 3 = -z + 7. Let s(g) = -3*g - z + g + 4*g. Suppose 3*c + 0*x - 3 = -4*x, -x = -2*c + 13. Give s(c).
6
Let q(g) be the first derivative of g**2/2 - 5. Calculate q(-3).
-3
Let i(f) = 4 - 4*f**2 + 4*f + f**3 - 1 - 6. Let t(x) = -2*x - 9. Let h be t(-6). Suppose -3*s - h = -2*j, -14 = -2*j - 5*s - 3. What is i(j)?
0
Let w(i) = i**2 - i + 6. Let r be w(0). Let s(h) = h**2 - 1. Let o(x) = -x**2 + 2*x + 7. Let b(j) = r*s(j) + o(j). Calculate b(-1).
4
Let f(o) = o**2 - 3. Let g be f(-3). Let r(s) = 2*s**3 + g*s**2 - 3*s**3 + 0*s - 5*s - 3 - 1. What is r(5)?
-4
Let l be (-20)/(-6)*(-1 + 3/(-6)). Let k(m) = m**3 + 4*m**2 - 5*m - 5. What is k(l)?
-5
Suppose -2 = -3*v - 5. Let a = v + -1. Let m be (a + 2)/(-3 - -1). Let u(l) = -l**3 + l**2 - l + 7. Determine u(m).
7
Let r = 5 + -2. Let p(l) be the first derivative of l**6/360 - l**5/60 + l**4/6 + l**3/3 - 1. Let d(v) be the third derivative of p(v). What is d(r)?
7
Let y(k) = k. Let h(p) = -8*p + 5. Let m(n) = -h(n) - 5*y(n). Let d be ((-4)/(-10))/(5/75). Let b be d + 2/2 - 3. What is m(b)?
7
Suppose 0 = 5*n + 4*q - 13, 0*q + 9 = n + 4*q. Let z(g) = 2 - 2*g - 11 - 2 - n. Determine z(-8).
4
Let r(m) = m**3 + 9*m**2 - 10*m + 11. Let b(w) = 2*w**3 + 9*w**2 - 11*w + 12. Let z(l) = 2*b(l) - 3*r(l). Calculate z(8).
-9
Let o(f) be the first derivative of f**3/3 - f**2/2 - 21. Give o(-1).
2
Let k(c) = 7*c - 1. Let n(t) = 3*t. Let v(p) = 2*k(p) - 5*n(p). Let l(u) = -u**2 - 8*u - 8. Let f be l(-8). Let o = f - -12. What is v(o)?
-6
Let i(q) = -10*q**2 - 5*q + 15. Let p(y) = 7*y**2 + 3*y - 10. Suppose 6 = 2*x, u + 3*x - 14 = -0*u. Let l(t) = u*i(t) + 7*p(t). Let z = -9 - -4. Give l(z).
0
Let a be 15/(-12)*4/1. Let q(u) = -u + 1. What is q(a)?
6
Suppose 4*g - 5*l = -5, -5*l + 25 = g - l. Let b(f) = -f**2 + 5*f + 2. Let z(n) = n. Let r(k) = -b(k) + 2*z(k). Determine r(g).
8
Let h(i) = 6*i + 15*i**2 - 2 - 6*i**2 - 6*i**2 - 4*i**2. Calculate h(5).
3
Suppose 50 = h + 4*h. Suppose -4*d = 5*v - 3*d - 19, 2*v = 2*d + h. Suppose -v*i = i. Let c(y) = y**2 + y + 7. What is c(i)?
7
Let f(l) be the third derivative of l**6/20 - l**5/60 + 2*l**2. Let q(c) = c**2 + 8*c - 1. Let b be q(-8). Give f(b).
-7
Suppose -5*m - 2 + 7 = 0. Suppose 0 = -0*z - 4*z + 24. Let t(d) = m - d - z + 1. Determine t(-2).
-2
Let a(w) = 25*w - 5. Let h(p) = 24*p - 4. Let i(k) = 3*a(k) - 4*h(k). Give i(1).
-20
Let v = 2 - 0. Suppose -5*t + 15 = -5*a, -6*a = -v*a. Let z(j) = -1 - t + 3*j + 3 - j**3. What is z(2)?
-3
Let i = 8 + -6. Let d(t) = 2*t**2 - 4 + 4*t + 2 - t**i. Let y(k) = 4*k**3 + k**2. Let g be y(-1). Calculate d(g).
-5
Let k(l) = -6*l**3 - 7*l + 1. Let f(g) = -g**3 - g**2 - g + 1. Let n(q) = -5*f(q) + k(q). Give n(4).
4
Let t(m) = 1 + 0 + 7 - 5 + 3*m. Calculate t(4).
15
Let j(g) = g**3 - 5*g**2 - 5*g - 3. Suppose -2*i + 30 = 5*n, 5*i - 3*i = 2*n - 12. What is j(n)?
3
Let z(i) = i**2 + 2*i. Let q be z(-4). Let r(v) = -v**3 + 7*v**2 + 7*v + 4. What is r(q)?
-4
Let r(b) be the second derivative of -2*b**3/3 - b**2/2 + 2*b. Let x(z) = z**3 + 8*z**2 + 8*z + 9. Let s be x(-7). Let y = s - 3. What is r(y)?
3
Let z(h) be the third derivative of h**4/12 + 5*h**3/6 + 4*h**2. What is z(-5)?
-5
Let t(r) = 4*r**2 + r. Let v = 51 + -49. Suppose -17 + 5 = 4*h. Let q = h + v. What is t(q)?
3
Let u(b) = -3*b + 7. Let h(k) = k**3 - 5*k**2 - 2*k + 5. Let f be h(5). Let j(m) = 5*m - 11. Let t(r) = f*j(r) - 8*u(r). Let g = -16 - -12. Determine t(g).
3
Suppose -4*s + 2*g - 4 = 0, -g + 4*g + 16 = -5*s. Let n(t) = 0*t + t + 1 - 4*t**2 + 3*t**2. Calculate n(s).
-5
Let k(s) = -3 - 3 + s + 0*s. Let o be k(3). Let w(b) = -47*b + 20*b + 14*b + 12*b - 3. Calculate w(o).
0
Let r(g) = -12*g - 3*g + 6 - 5*g + 17*g. Determine r(5).